 factors of z?
1307
What are the prime factors of (((-17508)/10)/(-3))/((-18)/(-135))?
3, 1459
Suppose 0 = 3*t, 5*l - 1634 - 6366 = t. List the prime factors of l.
2, 5
Let p = 964 - 914. List the prime factors of p.
2, 5
Let r(n) = n**3 + 4*n**2 - n + 7. Let m be r(-5). Let j = -10 - m. Suppose 2*v - 63 = -a, 2*a - 22 = -j*v + 75. What are the prime factors of v?
29
Let z(a) = -6*a - 5. Suppose -5*h + 40 = 3*w, 0 = -3*h - 3*w + 39 - 9. Suppose -2*p = -2*s - 16, -h*s = 3*p - 0*p + 24. What are the prime factors of z(s)?
31
Let j(m) = m**3 + 22*m**2 + 21*m + 4. Let w be j(-21). Suppose -w*f = -2*d + 514, -3*d + 2*f = f - 756. What are the prime factors of d?
251
Suppose 2*w - 4*z - 8 = 0, -2*w + 4*z - 4 = -3*w. Suppose -o - w*o = -515. List the prime factors of o.
103
Suppose -4*w = 8, 3*w = 7*h - 4*h - 9609. List the prime factors of h.
3, 11, 97
What are the prime factors of (5 - 140/12)/((-2)/183)?
2, 5, 61
Let v be (-1 - -5) + (2 - 4). Let o(j) = -j**3 - 2*j**2 + j**3 - 2*j + j**v - 2 - j**3. What are the prime factors of o(-2)?
2, 3
Let b(d) = -d**3 + 14*d**2 - 31*d - 16. Let t be b(11). List the prime factors of (((-110)/(-4))/(-5))/((-1)/t).
3, 11
Suppose 9*m - 30 = 4*m. Suppose 2*h + m = -4. Let t(a) = 2*a**2 - 5. What are the prime factors of t(h)?
3, 5
Suppose -4*r = q - 174, -3*q + 130 = 3*r - 2*q. Let d = -32 + r. List the prime factors of d.
2, 3
Let i(t) = 10*t**2 - 5*t - 1. Let u be i(5). Suppose 2*h - 6*h + u = 0. What are the prime factors of 9/6*h/6?
2, 7
Let i = 11672 + -7634. List the prime factors of i.
2, 3, 673
Let p = -7 + -2. Let c = 5 + p. What are the prime factors of -8*(c + 2 + -2)?
2
Let f(x) = -x**3 + 10*x**2 - 4*x - 13. What are the prime factors of f(6)?
107
Suppose -3967 = -5*w - 1577. List the prime factors of w.
2, 239
Let p be (2 + -3 - 2) + 9. Let j = 5 + 1. What are the prime factors of (-9)/j*(-16)/p?
2
Let g be (1 + -2)*(-7)/14*-4. Let b(t) = 26*t**2 + 3*t + 4. What are the prime factors of b(g)?
2, 3, 17
Suppose 0 = 5*i - 3*g - 5679, -8*g = 4*i - 6*g - 4530. What are the prime factors of i?
2, 3, 7
Let w(j) = -16*j - 26. Let s be w(-8). Let i = -96 + s. What are the prime factors of i?
2, 3
Let a(t) = t**3 - 11*t**2 + 5*t + 10. Let d(k) = -k**3 + 5*k**2 - 2*k + 3. Let o be d(2). What are the prime factors of a(o)?
5, 13
Let q(m) = 5*m**2 + 2*m + 981. List the prime factors of q(0).
3, 109
Let k(x) = 24*x**2 + x. Suppose 4*d - q - 34 = -0*d, 3*d = -2*q + 20. Let g = 7 - d. List the prime factors of k(g).
23
Suppose -3*l - 2*l = 3*f + 32, 16 = f - 5*l. What are the prime factors of f/(3/3) + 130?
2, 3, 7
What are the prime factors of -6 - (-9)/(-27)*-6819?
2267
Suppose -o - 699 = -3*u - 2*u, u - o = 139. Let z = -66 + u. List the prime factors of z.
2, 37
Suppose 2*u + 4*u - 1464 = 0. Suppose u = 4*l + r, -131 = -5*l - 3*r + 167. What are the prime factors of l?
2, 31
Suppose -4*c = 4*q - q, 3*c - 29 = 5*q. Let a be (0 - (c - 3))/(-1). Suppose a = -5*j - 0*j + 210. What are the prime factors of j?
2, 3, 7
Let l(z) = -29*z + 24. List the prime factors of l(-18).
2, 3, 7, 13
Let d(t) = t**2 + 9*t + 28. Let s be d(-8). Suppose -s*o = -18*o - 564. List the prime factors of o.
2, 3, 47
Suppose 30 = 5*x - p, 3*x + 0*x - 2*p - 25 = 0. Suppose x*w + 62 = 787. List the prime factors of w.
5, 29
Suppose -14*q + 62 = 6. Suppose 4 = -2*a + 22. Let h = a - q. What are the prime factors of h?
5
Suppose 10*y - 8*y = 2354. Suppose 4*i + 309 = y. What are the prime factors of i?
7, 31
Suppose 2*a + m = 368, 8*a = 4*a - m + 732. What are the prime factors of a?
2, 7, 13
Suppose 0 = 83*q - 91*q + 12352. List the prime factors of q.
2, 193
Suppose -2*a + 190 = 3*a. Let f = a + -65. What are the prime factors of (-8)/36 - 870/f?
2
Let a be (1296/(-5))/(-2) - 10/(-25). Let j = a + -44. What are the prime factors of j?
2, 43
Suppose -34086 + 6798 = -18*h. What are the prime factors of h?
2, 379
Let s = 162 + 8. Suppose 0 = -3*t + t + s. List the prime factors of t.
5, 17
Let y = -7 - -11. Suppose -y*z - 2*x + 18 = 0, 0 = 5*z - 0*z - 3*x - 28. Suppose z*k - 13 = 4*k. What are the prime factors of k?
13
Suppose 11*n = -2*n + 8970. What are the prime factors of n?
2, 3, 5, 23
Suppose 18*c = 15*c - 93. Let p = c + 36. What are the prime factors of p?
5
Suppose -5*u - 3*z + 8990 + 683 = 0, 4*u + 2*z - 7738 = 0. What are the prime factors of u?
2, 967
Let h(c) = 2*c**3 - 18*c**2 + 46*c - 18. List the prime factors of h(10).
2, 3, 107
Let p(a) = 1 + 12 - 26*a - 2 + 2. List the prime factors of p(-2).
5, 13
Suppose -3*x + 442 = -5*i, 4*x - 2*i = 214 + 394. Suppose -35*v + x = -33*v. What are the prime factors of v?
7, 11
Suppose 0 = -10*b + 11*b - 2. Suppose b*j - 71 = 11. What are the prime factors of j?
41
Suppose 5*c + 1920 = 5*w, -104*w + 1893 = -99*w + 4*c. What are the prime factors of w?
3, 127
List the prime factors of (-13)/(-104) - 13294/(-16).
3, 277
Let p = -11 - -7. List the prime factors of (p - 78/(-24)) + (-430)/(-8).
53
Suppose 0 = 7*j - 5*j - 2. Let u(d) = 69*d**2 - 2*d + 1. List the prime factors of u(j).
2, 17
Let f = -109 - -169. Suppose 0 - 35 = n. Let d = f + n. List the prime factors of d.
5
Let z be (-5 - -11)*(-3)/6*-9. What are the prime factors of (-755)/(-4) - z/36?
2, 47
Let k(i) = -5*i**2 + 5*i + 1. Let z(q) = -14*q**2 + 15*q + 3. Let r(m) = -17*k(m) + 6*z(m). Let a be -5*(-1 + 2)*-1. What are the prime factors of r(a)?
3, 17
Suppose 4*y - 170 = 5*i, 0 = 5*y - i - 2*i - 206. Suppose -3*m - 2*m = -y. What are the prime factors of m?
2
Let z(f) = f - 12. Let s be z(12). Suppose 0 = -4*o + 16, -o + 10 = 5*w - 9. Suppose 2*l - 49 = -2*l + 3*m, s = w*m + 9. List the prime factors of l.
2, 5
Suppose 4*r = -r - 35. What are the prime factors of (37/3)/(r/(-21))?
37
Let s = 6000 - 2693. List the prime factors of s.
3307
Let o(n) = -206*n + 50. What are the prime factors of o(-4)?
2, 19, 23
Let g(w) = -w**3 + 11*w**2 - 8*w + 10. Let o be g(10). Let f be ((-2)/(-6))/((-5)/o). Let p(x) = 4*x**2 - 3*x - 2. List the prime factors of p(f).
2, 5
Suppose 5*b - 16*r - 40 = -17*r, 5*r + 25 = 0. Let p(i) = 15*i - 9. What are the prime factors of p(b)?
2, 3, 7
Let f(b) = 25*b**2 - b. Suppose -16 = -2*i + 5*g, -6*i - 4*g = -4*i + 2. List the prime factors of f(i).
2, 3, 37
Suppose -b - 1253 = -2*j - 2*b, 3*j - 1887 = -3*b. Let t = j + -370. List the prime factors of t.
2, 127
Let d(o) = 2*o**3 + 4*o**2 + 5*o + 2. Let b be d(-3). Let q be (-17 + 16)/(1/19). Let a = q - b. What are the prime factors of a?
2, 3
Let k = 170 - 166. Suppose 2*d + 5*f = -0*f + 52, -3*d + 44 = -f. Let s = d + k. What are the prime factors of s?
2, 5
List the prime factors of (-2)/10*-2206 - (-28)/(-140).
3, 7
Suppose -17 = -4*r + 3*b, 4*r - 9 = 3*r - 4*b. Suppose -r*a + 5*l = -4*a - 245, -3*l = 15. List the prime factors of a.
2, 5, 11
Let n(z) = -z**3 + 16*z**2 + 13*z - 5. Let b be n(17). Let g = 141 + b. What are the prime factors of g?
2, 17
What are the prime factors of (1 + -5)/((-304)/135204)?
3, 593
Let r = 155 + -82. Suppose 5*b - 3*o - r = -5*o, 4*o - 26 = -2*b. What are the prime factors of b?
3, 5
Suppose 4*d = 4*n + 12, -d = 5*n + 10 + 17. List the prime factors of (-1293)/(-9) + -3 - d/6.
3, 47
Let y(c) = -363*c - 615. List the prime factors of y(-13).
2, 3, 19
Let b = -17 - -21. Let q(f) = 3*f - 4. Let h be q(b). List the prime factors of (h/24)/(2/108).
2, 3
Suppose -24 = -h - 2*r, 3*h + 0*r = 2*r + 72. Suppose -h = 4*z - 120. What are the prime factors of (-11)/4*z/(-3)?
2, 11
Let i = 44 + -46. What are the prime factors of i - ((-116)/6)/((-22)/(-33))?
3
List the prime factors of 2/(0 + 2) - (-14 - 207).
2, 3, 37
Suppose -2*z + 4*z + c = 23, 3*c - 33 = -3*z. Let k = z - 9. Suppose -3*y + 39 + 44 = -2*w, 2*y + k*w = 64. What are the prime factors of y?
29
Let n(g) = -g**2 + 47*g + 40. What are the prime factors of n(14)?
2, 251
Let a(k) = 2*k**2 + 30*k - 229. What are the prime factors of a(-42)?
2039
Let w = -81 + 73. List the prime factors of (-255 + -1)*4/w.
2
Let p(h) = 7*h - 9. Let x be p(4). Suppose -3*f - 3*i + 12 = 0, 4*f + 3 = -3*i + x. Let g(r) = 2*r + 3. List the prime factors of g(f).
11
Suppose 4*r + 18 = 6*r. Let f be (r - 12)/(1 + 0). What are the prime factors of -46*((-6)/(-4))/f?
23
Let y be 1*(2 + 3) - 2. Suppo